{"id":271,"date":"2018-07-11T19:07:05","date_gmt":"2018-07-11T19:07:05","guid":{"rendered":"http:\/\/www.rubioassessors.com\/?page_id=271"},"modified":"2024-08-26T07:58:39","modified_gmt":"2024-08-26T07:58:39","slug":"politica-de-privadesa","status":"publish","type":"page","link":"https:\/\/www.rubioassessors.com\/?page_id=271","title":{"rendered":"Pol\u00edtica de privadesa \/ Av\u00eds legal"},"content":{"rendered":"\n<h2 class=\"wp-block-heading\">Titularitat<\/h2>\n\n\n\n<p>En compliment de la Llei 34\/2002, de 11 de juliol, de Serveis de la Societat de la Informaci\u00f3 i del Comer\u00e7 Electr\u00f2nic, s&#8217;informa als usuaris que la titularitat del domini www.rubioassessors.com pertany a:<\/p>\n\n\n\n<p>Rubi\u00f3 Rivero Assessors, S.L.<\/p>\n\n\n\n<p>Carrer Sant Valenti 1, Entresol 1a, 08241 Manresa<\/p>\n\n\n\n<p>info@rubioassessors.com<\/p>\n\n\n\n<p>CIF: B66870619<\/p>\n\n\n\n<p>Registre Mercantil de Barcelona, volum 45634, foli 77, fulla 494117<\/p>\n\n\n\n<h2 class=\"wp-block-heading\">&nbsp;<\/h2>\n\n\n\n<h2 class=\"wp-block-heading\">Propietat intel\u00b7lectual i industrial<\/h2>\n\n\n\n<p>Tots els drets de Propietat intel\u00b7lectual i industrial, aix\u00ed com tota la informaci\u00f3 continguda en el lloc web s\u00f3n propietat exclusiva de RUBI\u00d3 ASSESSORS. El contingut del lloc web pot ser utilitzar pels Usuaris per al seu \u00fas personal i privat.<\/p>\n\n\n\n<p>En aquest sentit, queda expressament prohibit als usuaris la reproducci\u00f3, transmissi\u00f3, transformaci\u00f3, distribuci\u00f3, comunicaci\u00f3 p\u00fablica, reutilitzaci\u00f3, explotaci\u00f3 o l&#8217;\u00fas de qualsevol naturalesa, per qualsevol mitj\u00e0 o procediment, de qualsevol d&#8217;ells, excepte en el casos que estigui legalment perm\u00e8s o sigui autoritzat per escrit per RUBI\u00d3 ASSESSORS.<\/p>\n\n\n\n<h3 class=\"wp-block-heading\">&nbsp;<\/h3>\n\n\n\n<h3 class=\"wp-block-heading\">Galetes<\/h3>\n\n\n\n<p><b><\/b>Si deixeu un comentari en la p\u00e0gina web, podeu optar per desar el nom, l&#8217;adre\u00e7a de correu electr\u00f2nic i la p\u00e0gina web en les galetes. Aix\u00f2 \u00e9s per la vostra comoditat perqu\u00e8 no hagueu d&#8217;emplenar les dades de nou quan feu un altre comentari. Aquestes galetes duraran un any.<\/p>\n\n\n\n<p>Si teniu un compte i inicieu sessi\u00f3 en aquesta p\u00e0gina web, es definir\u00e0 una galeta temporal per determinar si el navegador accepta galetes. Aquesta galeta no cont\u00e9 dades personals i es descartar\u00e0 quan tanqueu el navegador.<\/p>\n\n\n\n<p>Quan inicieu sessi\u00f3, tamb\u00e9 es configuraran diverses galetes per desar la informaci\u00f3 d&#8217;inici de sessi\u00f3 i les opcions de visualitzaci\u00f3 de la pantalla. Les galeres d&#8217;inici de sessi\u00f3 duren dos dies, i les galetes de les opcions de pantalla duren un any. Si seleccioneu &#8220;Recordeu-me&#8221;, l&#8217;inici de sessi\u00f3 persistir\u00e0 durant dues setmanes. Si finalitzeu la sessi\u00f3, les galetes d&#8217;inici de sessi\u00f3 seran suprimides.<\/p>\n\n\n\n<p>Si editeu o publiqueu un article, una galeta addicional es desar\u00e0 al navegador. Aquesta galeta no inclou dades personals i simplement indica l&#8217;identificador de l&#8217;entrada que acabeu d&#8217;editar. Expira despr\u00e9s d&#8217;1 dia.<\/p>\n\n\n\n<h2 class=\"wp-block-heading\">Pol\u00edtica de privacitat<\/h2>\n\n\n\n<p>Les dades proporcionades pels usuaris seran tractades en un fitxer titularitat de Rubi\u00f3 Rivero Assessors, S.L. amb compliment del Reglament Europeu de Protecci\u00f3 de Dades (RGPD).<\/p>\n\n\n\n<p>Els usuaris donen el seu consentiment expr\u00e9s al tractament de les dades en el moment d&#8217;emplenar els formularis de contacte de la web o mitjan\u00e7ant l&#8217;enviament de correus electr\u00f2nics a RUBI\u00d3 ASSESSORS.<\/p>\n\n\n\n<p>Es podran exercir els drets d&#8217;acc\u00e9s, rectificaci\u00f3, cancel\u00b7laci\u00f3 i oposici\u00f3 al tractament de les dades de car\u00e0cter personal fent arribar un escrit, adjuntant fotocopia del DNI, a la direcci\u00f3 C. Mossen Jacint Verdaguer 26, 2n 2a, 08241 Manresa (Barcelona) o a l&#8217;adre\u00e7a electr\u00f2nica info@rubioassessors.com .<\/p>\n\n\n\n<p>Si deixeu un comentari, el comentari i les seves dades meta es retenen indefinidament. Aix\u00f2 \u00e9s per poder recon\u00e8ixer i aprovar autom\u00e0ticament qualsevol comentari de seguiment en lloc de mantenir-los en la cua de moderaci\u00f3.<\/p>\n\n\n\n<h3 class=\"wp-block-heading\">&nbsp;<\/h3>\n","protected":false},"excerpt":{"rendered":"<p>Titularitat En compliment de la Llei 34\/2002, de 11 de juliol, de Serveis de la Societat de la Informaci\u00f3 i del Comer\u00e7 Electr\u00f2nic, s&#8217;informa als usuaris que la titularitat del domini www.rubioassessors.com pertany a: Rubi\u00f3 Rivero Assessors, S.L. Carrer Sant Valenti 1, Entresol 1a, 08241 Manresa info@rubioassessors.com CIF: B66870619 Registre Mercantil de Barcelona, volum 45634, [&hellip;]<\/p>\n","protected":false},"author":1,"featured_media":0,"parent":0,"menu_order":1,"comment_status":"closed","ping_status":"closed","template":"","meta":{"footnotes":""},"yoast_head":"<!-- This site is optimized with the Yoast SEO plugin v22.2 - https:\/\/yoast.com\/wordpress\/plugins\/seo\/ -->\n<title>Pol\u00edtica de privadesa \/ Av\u00eds legal - Rubi\u00f3 Assessors<\/title>\n<meta name=\"robots\" content=\"index, follow, max-snippet:-1, max-image-preview:large, max-video-preview:-1\" \/>\n<link rel=\"canonical\" href=\"https:\/\/www.rubioassessors.com\/?page_id=271\" \/>\n<meta property=\"og:locale\" content=\"ca_ES\" \/>\n<meta property=\"og:type\" content=\"article\" \/>\n<meta property=\"og:title\" content=\"Pol\u00edtica de privadesa \/ Av\u00eds legal - Rubi\u00f3 Assessors\" \/>\n<meta property=\"og:description\" content=\"Titularitat En compliment de la Llei 34\/2002, de 11 de juliol, de Serveis de la Societat de la Informaci\u00f3 i del Comer\u00e7 Electr\u00f2nic, s&#8217;informa als usuaris que la titularitat del domini www.rubioassessors.com pertany a: Rubi\u00f3 Rivero Assessors, S.L. Carrer Sant Valenti 1, Entresol 1a, 08241 Manresa info@rubioassessors.com CIF: B66870619 Registre Mercantil de Barcelona, volum 45634, [&hellip;]\" \/>\n<meta property=\"og:url\" content=\"https:\/\/www.rubioassessors.com\/?page_id=271\" \/>\n<meta property=\"og:site_name\" content=\"Rubi\u00f3 Assessors\" \/>\n<meta property=\"article:modified_time\" content=\"2024-08-26T07:58:39+00:00\" \/>\n<meta name=\"twitter:card\" content=\"summary_large_image\" \/>\n<meta name=\"twitter:label1\" content=\"Temps estimat de lectura\" \/>\n\t<meta name=\"twitter:data1\" content=\"3 minuts\" \/>\n<script type=\"application\/ld+json\" class=\"yoast-schema-graph\">{\"@context\":\"https:\/\/schema.org\",\"@graph\":[{\"@type\":\"WebPage\",\"@id\":\"https:\/\/www.rubioassessors.com\/?page_id=271\",\"url\":\"https:\/\/www.rubioassessors.com\/?page_id=271\",\"name\":\"Pol\u00edtica de privadesa \/ Av\u00eds legal - Rubi\u00f3 Assessors\",\"isPartOf\":{\"@id\":\"https:\/\/www.rubioassessors.com\/#website\"},\"datePublished\":\"2018-07-11T19:07:05+00:00\",\"dateModified\":\"2024-08-26T07:58:39+00:00\",\"breadcrumb\":{\"@id\":\"https:\/\/www.rubioassessors.com\/?page_id=271#breadcrumb\"},\"inLanguage\":\"ca\",\"potentialAction\":[{\"@type\":\"ReadAction\",\"target\":[\"https:\/\/www.rubioassessors.com\/?page_id=271\"]}]},{\"@type\":\"BreadcrumbList\",\"@id\":\"https:\/\/www.rubioassessors.com\/?page_id=271#breadcrumb\",\"itemListElement\":[{\"@type\":\"ListItem\",\"position\":1,\"name\":\"Inici\",\"item\":\"https:\/\/www.rubioassessors.com\/\"},{\"@type\":\"ListItem\",\"position\":2,\"name\":\"Pol\u00edtica de privadesa \/ Av\u00eds legal\"}]},{\"@type\":\"WebSite\",\"@id\":\"https:\/\/www.rubioassessors.com\/#website\",\"url\":\"https:\/\/www.rubioassessors.com\/\",\"name\":\"Rubi\u00f3 Assessors\",\"description\":\"Serveis de confian\u00e7a\",\"publisher\":{\"@id\":\"https:\/\/www.rubioassessors.com\/#organization\"},\"potentialAction\":[{\"@type\":\"SearchAction\",\"target\":{\"@type\":\"EntryPoint\",\"urlTemplate\":\"https:\/\/www.rubioassessors.com\/?s={search_term_string}\"},\"query-input\":\"required name=search_term_string\"}],\"inLanguage\":\"ca\"},{\"@type\":\"Organization\",\"@id\":\"https:\/\/www.rubioassessors.com\/#organization\",\"name\":\"Rubi\u00f3 Assessors\",\"url\":\"https:\/\/www.rubioassessors.com\/\",\"logo\":{\"@type\":\"ImageObject\",\"inLanguage\":\"ca\",\"@id\":\"https:\/\/www.rubioassessors.com\/#\/schema\/logo\/image\/\",\"url\":\"https:\/\/www.rubioassessors.com\/wp-content\/uploads\/2018\/06\/logo-rr-05-e1529574777968.png\",\"contentUrl\":\"https:\/\/www.rubioassessors.com\/wp-content\/uploads\/2018\/06\/logo-rr-05-e1529574777968.png\",\"width\":237,\"height\":62,\"caption\":\"Rubi\u00f3 Assessors\"},\"image\":{\"@id\":\"https:\/\/www.rubioassessors.com\/#\/schema\/logo\/image\/\"}}]}<\/script>\n<!-- \/ Yoast SEO plugin. -->","yoast_head_json":{"title":"Pol\u00edtica de privadesa \/ Av\u00eds legal - Rubi\u00f3 Assessors","robots":{"index":"index","follow":"follow","max-snippet":"max-snippet:-1","max-image-preview":"max-image-preview:large","max-video-preview":"max-video-preview:-1"},"canonical":"https:\/\/www.rubioassessors.com\/?page_id=271","og_locale":"ca_ES","og_type":"article","og_title":"Pol\u00edtica de privadesa \/ Av\u00eds legal - Rubi\u00f3 Assessors","og_description":"Titularitat En compliment de la Llei 34\/2002, de 11 de juliol, de Serveis de la Societat de la Informaci\u00f3 i del Comer\u00e7 Electr\u00f2nic, s&#8217;informa als usuaris que la titularitat del domini www.rubioassessors.com pertany a: Rubi\u00f3 Rivero Assessors, S.L. Carrer Sant Valenti 1, Entresol 1a, 08241 Manresa info@rubioassessors.com CIF: B66870619 Registre Mercantil de Barcelona, volum 45634, [&hellip;]","og_url":"https:\/\/www.rubioassessors.com\/?page_id=271","og_site_name":"Rubi\u00f3 Assessors","article_modified_time":"2024-08-26T07:58:39+00:00","twitter_card":"summary_large_image","twitter_misc":{"Temps estimat de lectura":"3 minuts"},"schema":{"@context":"https:\/\/schema.org","@graph":[{"@type":"WebPage","@id":"https:\/\/www.rubioassessors.com\/?page_id=271","url":"https:\/\/www.rubioassessors.com\/?page_id=271","name":"Pol\u00edtica de privadesa \/ Av\u00eds legal - Rubi\u00f3 Assessors","isPartOf":{"@id":"https:\/\/www.rubioassessors.com\/#website"},"datePublished":"2018-07-11T19:07:05+00:00","dateModified":"2024-08-26T07:58:39+00:00","breadcrumb":{"@id":"https:\/\/www.rubioassessors.com\/?page_id=271#breadcrumb"},"inLanguage":"ca","potentialAction":[{"@type":"ReadAction","target":["https:\/\/www.rubioassessors.com\/?page_id=271"]}]},{"@type":"BreadcrumbList","@id":"https:\/\/www.rubioassessors.com\/?page_id=271#breadcrumb","itemListElement":[{"@type":"ListItem","position":1,"name":"Inici","item":"https:\/\/www.rubioassessors.com\/"},{"@type":"ListItem","position":2,"name":"Pol\u00edtica de privadesa \/ Av\u00eds legal"}]},{"@type":"WebSite","@id":"https:\/\/www.rubioassessors.com\/#website","url":"https:\/\/www.rubioassessors.com\/","name":"Rubi\u00f3 Assessors","description":"Serveis de confian\u00e7a","publisher":{"@id":"https:\/\/www.rubioassessors.com\/#organization"},"potentialAction":[{"@type":"SearchAction","target":{"@type":"EntryPoint","urlTemplate":"https:\/\/www.rubioassessors.com\/?s={search_term_string}"},"query-input":"required name=search_term_string"}],"inLanguage":"ca"},{"@type":"Organization","@id":"https:\/\/www.rubioassessors.com\/#organization","name":"Rubi\u00f3 Assessors","url":"https:\/\/www.rubioassessors.com\/","logo":{"@type":"ImageObject","inLanguage":"ca","@id":"https:\/\/www.rubioassessors.com\/#\/schema\/logo\/image\/","url":"https:\/\/www.rubioassessors.com\/wp-content\/uploads\/2018\/06\/logo-rr-05-e1529574777968.png","contentUrl":"https:\/\/www.rubioassessors.com\/wp-content\/uploads\/2018\/06\/logo-rr-05-e1529574777968.png","width":237,"height":62,"caption":"Rubi\u00f3 Assessors"},"image":{"@id":"https:\/\/www.rubioassessors.com\/#\/schema\/logo\/image\/"}}]}},"_links":{"self":[{"href":"https:\/\/www.rubioassessors.com\/index.php?rest_route=\/wp\/v2\/pages\/271"}],"collection":[{"href":"https:\/\/www.rubioassessors.com\/index.php?rest_route=\/wp\/v2\/pages"}],"about":[{"href":"https:\/\/www.rubioassessors.com\/index.php?rest_route=\/wp\/v2\/types\/page"}],"author":[{"embeddable":true,"href":"https:\/\/www.rubioassessors.com\/index.php?rest_route=\/wp\/v2\/users\/1"}],"replies":[{"embeddable":true,"href":"https:\/\/www.rubioassessors.com\/index.php?rest_route=%2Fwp%2Fv2%2Fcomments&post=271"}],"version-history":[{"count":10,"href":"https:\/\/www.rubioassessors.com\/index.php?rest_route=\/wp\/v2\/pages\/271\/revisions"}],"predecessor-version":[{"id":515,"href":"https:\/\/www.rubioassessors.com\/index.php?rest_route=\/wp\/v2\/pages\/271\/revisions\/515"}],"wp:attachment":[{"href":"https:\/\/www.rubioassessors.com\/index.php?rest_route=%2Fwp%2Fv2%2Fmedia&parent=271"}],"curies":[{"name":"wp","href":"https:\/\/api.w.org\/{rel}","templated":true}]}}